Let q = 102 - 70. Let r be -11 - (-8 + 4) - (-672)/8. Let b = r - q. List the prime factors of b.
3, 5
Suppose 135*i = 161*i - 16822. List the prime factors of i.
647
Let m(r) = 23*r + 1. Let c(y) = y**3 - 11*y**2 - 11*y - 16. Let h be c(12). Let i be h*(65/20 + -5). What are the prime factors of m(i)?
2, 3
Suppose 27*p - 28*p = -5*d + 13245, -3*d + 7919 = 5*p. Suppose -371*m = -373*m + d. List the prime factors of m.
2, 331
Let f(u) = 0 + 9*u**2 - 10 - 7*u**2 + 3*u**3. What are the prime factors of f(3)?
89
Let p(u) be the third derivative of u**5/10 - 37*u**4/24 - u**3/3 + 51*u**2. List the prime factors of p(-5).
3, 37
Suppose -3*p + 6*p = 2*h - 30, -4*h - p + 60 = 0. Let r(s) = s**3 - 15*s**2 + 21*s + 15. List the prime factors of r(h).
2, 3, 5, 11
Suppose -428 = 2*y - 5*u, -4*y - 4*u = -2*y + 446. Let k = 3 - y. What are the prime factors of k?
2, 3, 37
Suppose -3*y = -36*o + 7*o + 992812, 68465 = 2*o - 5*y. What are the prime factors of o?
5, 41, 167
What are the prime factors of (-5 - 1 - (-9 - -27064))/(-1)?
27061
Let v = -22284 - -42251. What are the prime factors of v?
41, 487
Suppose 14*p = 19*p - 10. Let w(d) = 13*d**p + 475 + d**3 - 19*d + 3*d**2 - 495. List the prime factors of w(-17).
2, 7
Suppose -g = -5*c + 179337, -66*g + 68*g + 179329 = 5*c. List the prime factors of c.
35869
Let m be (40/120)/((-1)/(-51)). Let r = 72 - m. What are the prime factors of r?
5, 11
Let h be 7/(-1) - -2 - (31 + -33). What are the prime factors of (1/h)/(2/(-354)) - -1?
2, 3, 5
Let i be (-68898)/(-99) - 134/(-2211). Suppose -3*b = -t + 2*b + 3, 2*b = 4*t - 12. Suppose -3*l = 9, t*s + l - 132 - i = 0. What are the prime factors of s?
277
Suppose 0 = 5*f - 2*c - 4720, 0*f + 5*c - 917 = -f. Let q = f + -561. What are the prime factors of q?
3, 127
Let k(y) = 5949*y**2 + 36*y - 65. List the prime factors of k(2).
13, 1831
Suppose 2*l - 65 = -599. Let t = l - -567. Let g = t - 173. List the prime factors of g.
127
Suppose 4*m - 70576 = -3*n, 454*m + 5*n - 70560 = 450*m. What are the prime factors of m?
2, 5, 353
Let v = -265 - -256. Let k(t) = 11*t - 3. Let u be k(-5). Let g = v - u. List the prime factors of g.
7
Let k(b) = 2*b**3 - 12*b**2 - 127*b + 29. List the prime factors of k(28).
3, 31, 37
Suppose 0 = -20*s + 87077 + 13503. What are the prime factors of s?
47, 107
Suppose 131*b - 876539 = 5877. What are the prime factors of b?
2, 421
Suppose -389*u = -366*u - 4738. Let a = -17 + 86. Suppose y - u = -a. What are the prime factors of y?
137
Let h(z) = -671*z + 7. Let t be h(-1). Suppose 3786 + t = 9*f. What are the prime factors of f?
2, 31
Let d be 4 + 375 - 3/(-3). Let q = 588 - d. List the prime factors of q.
2, 13
Suppose 3*b + 168 = -49*s + 44*s, 3*b + s + 192 = 0. Suppose 4*i = -5*z - 48365, 3*z + 23504 = -5*i - 5528. List the prime factors of ((-2)/(-4) - 1) + z/b.
2, 73
Let t be 17*1/2*142. Suppose 3*y - t = 5*v, 2*y + 216 - 1019 = 3*v. List the prime factors of y.
2, 197
Let i(m) = 3*m**3 + 48*m**2 - 58*m - 40. List the prime factors of i(-17).
79
Suppose 0 = 3*w - 2*w + 13. Let d(v) = -99*v - 11. Let k be d(w). Suppose 8*y - 228 = k. What are the prime factors of y?
2, 47
Suppose 2*b = -2*b + 8, 0 = -2*y + 3*b + 108. Let u = -110 + y. List the prime factors of (u/2)/((-99)/18 + 5).
53
Suppose -117*l = -300*l - 198*l + 32820483. What are the prime factors of l?
86143
Let k(h) = 20*h + 16. Suppose -3*r + 3*t = -5 - 16, 2*r + 3*t = 14. Let z be k(r). Suppose 21*y - 15*y = z. What are the prime factors of y?
2, 13
List the prime factors of (1 - 24) + 17 + 7541.
5, 11, 137
Suppose -5*l + 47 = -4*g, -3*g - 21 = 3*l - 2*l. What are the prime factors of 32/(-128) - 2546/g?
2, 3, 53
Suppose 3*t + 5*m - 2380 = -2*t, 4*m = 4. Suppose 5*d = 700 + t. What are the prime factors of d?
5, 47
Let i(r) = -6*r + 28. Let v be i(4). Suppose 0 = -v*o + q + 947, 0 = 3*o + 4*q + 19 - 715. List the prime factors of o.
2, 59
Let p(n) = -n**2 - 22*n - 25. Let b(u) = -5*u - 1. Let f be b(-2). Let i = f + -26. List the prime factors of p(i).
2, 3, 5
Suppose 93*q - 36*q + 68*q - 445375 = 0. List the prime factors of q.
7, 509
Suppose 34*y + 11145 = r + 32*y, -5*r + 2*y + 55685 = 0. List the prime factors of r.
5, 17, 131
Suppose -115*g + 409424 = 152*g - 655639. What are the prime factors of g?
3989
What are the prime factors of 25 + -12 + 4740 + 0?
7, 97
Let k = 19716 - 5131. What are the prime factors of k?
5, 2917
Let l(g) = g**3 - 2*g + 3. Let t be l(2). Suppose 30 = 3*y + 3*p, 2*y + 43 = t*y - 2*p. Let a(u) = -u**3 + 7*u**2 + 20*u - 1. List the prime factors of a(y).
17
Suppose -60 = 80*t - 92*t. Suppose 4622 = 3*d + 5*u, u = -t*d + 5513 + 2205. What are the prime factors of d?
2, 193
Suppose 61 = -o + w, 4*w = 6 + 2. Let a be 30/(-4)*66/55*13. Let z = o - a. What are the prime factors of z?
2, 29
Let s(x) be the third derivative of x**6/120 - 23*x**5/60 + 31*x**4/24 + 11*x**3/2 + 5*x**2. List the prime factors of s(22).
3, 7, 11
Let q(c) = 184*c**2 + c + 7. Let d(u) = u**2 + 3*u - 6. Let m be d(1). List the prime factors of q(m).
3, 13, 19
Let y(x) = 186*x + 5743. What are the prime factors of y(0)?
5743
Let d(m) be the second derivative of m**4/12 - 5*m**3/2 - 27*m**2/2 - m - 8. List the prime factors of d(-16).
7, 67
Suppose 44*d = 48*d + 3*r - 29467, 5*d + 4*r - 36832 = 0. List the prime factors of d.
2, 19, 97
Suppose -5*y + 3*i = 8*i - 5, 0 = -2*y - 5*i + 11. Let g = -6 - y. List the prime factors of 105/(4/4) - g/(-1).
101
Let i be (-92)/12 + 7 - 35/(-3). Let o(m) = -6*m - m**3 + i*m**2 - 15 + 19 - m + 6*m**2. List the prime factors of o(5).
269
Let d be (-9 - -25) + 2 + -1*2. Suppose 253 = i - d. Let h = i + -135. What are the prime factors of h?
2, 67
Let s(c) = 97*c**2 - 13*c + 66. Let o be s(-15). Suppose 11943 = 19*u - o. What are the prime factors of u?
3, 199
Suppose 0 = -2*w + k + 47 + 192, 0 = -3*w + 2*k + 356. Suppose 0 = -5*i, -4*g + w = -i - 822. What are the prime factors of g?
2, 59
Let d = -486 + 521. List the prime factors of 140/(-3 + d/10).
2, 5, 7
Let r be (-126)/16 + 6/(-48). Suppose 2*q - 168 - 540 = 0. What are the prime factors of (q/r)/(4/(192/(-9)))?
2, 59
Let k(n) = -n + 4. Let a be k(-13). Suppose -4*z = 3*f - 1128, a*z = 3*f + 20*z - 1128. List the prime factors of f.
2, 47
Suppose -49160 = 271*p - 281*p. List the prime factors of p.
2, 1229
Let l = -17 + 155. Suppose -l - 517 = -5*o. Let i = -40 + o. What are the prime factors of i?
7, 13
List the prime factors of 211/4 + 8/((-416)/(-13)).
53
Let z(q) = -q**2 - 34*q + 76. Let v be z(-26). Suppose -2*c + 0*c - 1136 = -4*m, 4*c = -m + v. List the prime factors of m.
2, 71
Let q be (5 + (-34)/6)/((-2)/9). Let z be (-4)/(-4 - (4/4 - q)). Suppose -d + 133 = -l, 5*l = z*d - d - 117. What are the prime factors of d?
137
Suppose -3*l = 2*y - 13, -4*y = -3*y + 4*l - 4. Suppose 0 = -v - 3*j + 806, -3*v - 2*j = -y*v + 3996. List the prime factors of v.
2, 5
Let k = 45181 + -25234. List the prime factors of k.
3, 61, 109
Suppose 4*p - 24*g = -26*g - 884, -3*p = -4*g + 663. Let y = 552 + p. List the prime factors of y.
331
Let u = -5225 - -38181. List the prime factors of u.
2, 7, 11, 107
Let c(i) = i**3 - 6*i - 5. Let t be c(-3). Let w be t - (-3)/((-3)/4). Let m = -10 - w. List the prime factors of m.
2
Let m(k) = -4*k**3 - k**2 + k. Let r be m(1). List the prime factors of (r/((-20)/(-21)))/(57/(-190)).
2, 7
Let c be 3/(5 + -2) - -97. Suppose 466 = 3*o + 5*s, 5*s - 8*s + 15 = 0. Suppose 5*d = o + c. What are the prime factors of d?
7
Suppose 4*b + 2*u - 123624 = 0, -5*u + 45863 = 5*b - 108662. List the prime factors of b.
31, 997
Let p be (-1)/((-1)/27*3). Suppose -r = 5*q - 3, -3*r - 5*q + q + p = 0. Suppose r*d + o - 574 = 0, 2*o - 431 = -3*d + 138. List the prime factors of d.
193
Let n(x) = -2 + 9*x**2 - 5*x**2 - 15*x**2 + 4*x. Let b be n(5). What are the prime factors of b/(-3) + (-18)/(-54)?
2, 43
Let t(z) = 104*z**2 + 5*z - 2. Suppose 0 = q - 2 - 0. List the prime factors of t(q).
2, 53
Suppose -542*g + 17367431 = -229*g. List the prime factors of g.
55487
Let q(h) = -6*h - 4*h**2 + 25*h**2 - h**2 - 17. Let n be q(-5). Suppose -6*m + 3*m = -n. List the prime factors of m.
3, 19
Let y(v) = 7*v + 6 - 3*v + 4 + v**2 - 9*v. Let q be y(11). Let p = q - 50. What are the prime fac